test common factor of 28 and 17312806?
14
Calculate the highest common factor of 190686 and 27633.
183
What is the greatest common factor of 720 and 1217370?
30
What is the greatest common factor of 344918 and 72?
2
Calculate the greatest common divisor of 5832188 and 80551.
739
What is the highest common factor of 968 and 2738252?
44
Calculate the highest common factor of 4169308 and 338.
26
Calculate the greatest common divisor of 724 and 39316.
4
Calculate the greatest common divisor of 2851 and 2401135008.
2851
What is the greatest common divisor of 23393 and 901748?
149
What is the highest common divisor of 6120124 and 1?
1
Calculate the greatest common divisor of 47340 and 16029.
9
What is the highest common factor of 17296656 and 10816?
208
Calculate the greatest common factor of 999878 and 6533.
47
What is the greatest common divisor of 93526380 and 81?
27
Calculate the highest common divisor of 1362200 and 360000.
200
What is the highest common factor of 9831 and 685797?
339
Calculate the greatest common factor of 1443756564 and 7704.
3852
Calculate the highest common factor of 7446 and 153714.
102
What is the highest common factor of 33826 and 46202?
26
What is the highest common divisor of 6948253 and 35282?
767
What is the greatest common factor of 192 and 478533440?
64
What is the highest common factor of 7822600 and 6520?
40
What is the greatest common divisor of 20381948 and 4616?
2308
Calculate the greatest common divisor of 481389 and 62.
1
What is the greatest common factor of 228 and 946908?
12
Calculate the highest common factor of 2152496 and 1160.
232
What is the greatest common divisor of 6988875 and 100?
25
Calculate the greatest common factor of 814749 and 31941.
507
Calculate the highest common factor of 3909 and 105585999.
3909
Calculate the greatest common factor of 6510269 and 32657.
1921
Calculate the greatest common divisor of 141 and 1289606304.
141
What is the highest common factor of 198 and 25416897?
33
Calculate the highest common divisor of 46089915 and 23541.
3363
What is the highest common factor of 8055 and 17635438?
179
What is the greatest common divisor of 3495 and 6632565?
15
What is the greatest common divisor of 767 and 18052879?
767
What is the greatest common divisor of 5480832 and 287616?
2688
Calculate the highest common factor of 2465 and 116400925.
145
What is the greatest common divisor of 1320858 and 8358?
42
What is the greatest common divisor of 110384709 and 39018?
2787
What is the greatest common factor of 5130 and 1491804?
1026
Calculate the highest common divisor of 4024645 and 90.
5
What is the highest common divisor of 5520201 and 2697?
93
What is the highest common divisor of 3 and 15459063?
3
What is the highest common divisor of 34298576 and 52455?
3497
What is the highest common divisor of 1376 and 8489232?
688
What is the greatest common factor of 44 and 36704569?
11
What is the highest common factor of 18954 and 1772082?
234
What is the highest common divisor of 3626863 and 2066?
1033
What is the greatest common divisor of 3438 and 1086344970?
1146
What is the greatest common factor of 7347930 and 2790?
930
Calculate the greatest common divisor of 110564 and 107289.
131
Calculate the greatest common divisor of 2704211 and 381.
127
Calculate the greatest common factor of 5192120 and 120.
40
Calculate the highest common divisor of 63653264 and 1312.
16
What is the greatest common factor of 41975 and 6131708?
1679
What is the highest common divisor of 4532 and 63206?
22
Calculate the greatest common divisor of 1396265684 and 157.
157
Calculate the greatest common factor of 1159403 and 46102.
623
What is the greatest common factor of 4085839 and 319?
29
What is the greatest common divisor of 65978 and 4705431?
2999
Calculate the greatest common factor of 33952661 and 1891.
61
Calculate the greatest common factor of 76738 and 10291188.
2074
Calculate the greatest common factor of 261388940 and 578.
578
Calculate the highest common divisor of 2388895 and 46.
23
What is the greatest common divisor of 441504 and 457056?
864
What is the highest common factor of 567 and 104090?
7
What is the highest common divisor of 681489 and 72?
9
What is the greatest common divisor of 73519 and 7585?
37
What is the highest common factor of 9455273 and 13430?
79
What is the highest common factor of 8876123 and 4448?
139
Calculate the greatest common divisor of 18121595 and 5.
5
What is the highest common divisor of 1732898 and 26900?
538
Calculate the greatest common divisor of 7973770 and 120.
10
What is the highest common divisor of 483504 and 10689?
21
Calculate the greatest common factor of 17925 and 721815.
15
What is the greatest common factor of 244384 and 29196251?
7637
What is the highest common divisor of 118657588 and 1299?
433
What is the highest common factor of 2930317 and 37206?
689
What is the highest common divisor of 28627045 and 80?
5
Calculate the greatest common divisor of 1510 and 16206830.
1510
Calculate the highest common divisor of 10872921 and 1425.
57
What is the greatest common factor of 4613212 and 6364?
172
Calculate the highest common divisor of 170 and 9871180.
10
Calculate the greatest common divisor of 1077 and 21171.
3
Calculate the highest common divisor of 3385819 and 452.
113
Calculate the highest common divisor of 1135 and 2891753.
227
What is the greatest common factor of 78 and 372395049?
39
What is the greatest common divisor of 2130 and 120401019?
213
What is the greatest common divisor of 3048 and 1996536?
24
What is the greatest common factor of 139104 and 243936?
2016
Calculate the greatest common divisor of 26584 and 7928.
8
What is the highest common divisor of 5931 and 47646?
9
Calculate the highest common factor of 75506 and 31958.
38
What is the highest common factor of 304 and 358697884?
76
What is the greatest common factor of 2493141 and 681?
681
Calculate the highest common factor of 2732940 and 47250.
1890
What is the greatest common factor of 578 and 39071933?
289
Calculate the highest common factor of 4838 and 374237.
59
Calculate the greatest common divisor of 409863987 and 351.
117
Calculate the greatest common factor of 2215840 and 2464.
352
Calculate the greatest common factor of 24569 and 435211.
79
What is the highest common factor of 35076814 and 703?
37
Calculate the greatest common divisor of 9404 and 2388550172.
9404
What is the highest common factor of 5063 and 16535509?
83
What is the greatest common factor of 3673128 and 134664?
744
What is the highest common factor of 877095 and 240?
15
What is the highest common factor of 4296 and 105864?
24
What is the highest common divisor of 837087986 and 14?
14
Calculate the highest common divisor of 906561 and 1492551.
3447
Calculate the highest common factor of 123640 and 114929.
281
Calculate the highest common divisor of 150 and 39312918.
6
Calculate the highest common divisor of 63198911 and 136.
17
What is the greatest common divisor of 38960 and 4992?
16
What is the greatest common divisor of 931 and 1036791?
49
What is the highest common factor of 12730 and 11061365?
335
What is the greatest common factor of 72893870 and 196?
98
What is the highest common factor of 12457811 and 233?
233
What is the highest common factor of 160 and 19115168?
32
Calculate the greatest common divisor of 13598 and 25246.
26
Calculate the greatest common factor of 10423 and 4316611.
1489
What is the greatest common divisor of 62608 and 128648?
104
What is the highest common factor of 2151 and 14318?
1
Calculate the greatest common divisor of 66130 and 139910.
170
Calculate the highest common factor of 18108 and 24184.
4
What is the highest common divisor of 27248 and 15579568?
2096
Calculate the highest common factor of 1010614 and 25003.
11
Calculate the highest common factor of 30742578 and 55712.
3482
What is the greatest common factor of 47461997 and 150216?
6259
What is the highest common divisor of 11329720 and 4640?
1160
What is the highest common factor of 37 and 823583?
37
Calculate the highest common divisor of 2934 and 24001587.
1467
What is the greatest common divisor of 36320 and 42059695?
1135
Calculate the highest common divisor of 971 and 158868223.
971
Calculate the highest common d